{"id":16839,"date":"2024-08-29T12:29:03","date_gmt":"2024-08-29T10:29:03","guid":{"rendered":"https:\/\/lehrer-werden-in-sachsen.de\/stage\/?page_id=16839"},"modified":"2025-12-04T11:07:13","modified_gmt":"2025-12-04T10:07:13","slug":"information-for-teachers-from-outside-germany","status":"publish","type":"page","link":"https:\/\/lehrer-werden-in-sachsen.de\/stage\/information-for-teachers-from-outside-germany\/","title":{"rendered":"Information for teachers from outside Germany"},"content":{"rendered":"<div  class=\"ewd-ufaq-faq-list ewd-ufaq-page-type-distinct ewd-ufaq-category-tabs-\" id='ewd-ufaq-faq-list'>\n\n\t<input type='hidden' name='show_on_load' value='' id='ewd-ufaq-show-on-load' \/>\n<input type='hidden' name='include_category' value='' id='ewd-ufaq-include-category' \/>\n<input type='hidden' name='exclude_category' value='' id='ewd-ufaq-exclude-category' \/>\n<input type='hidden' name='orderby' value='date' id='ewd-ufaq-orderby' \/>\n<input type='hidden' name='order' value='desc' id='ewd-ufaq-order' \/>\n<input type='hidden' name='post_count' value='-1' id='ewd-ufaq-post-count' \/>\n<input type='hidden' name='current_url' value='\/stage\/wp-json\/wp\/v2\/pages\/16839' id='ewd-ufaq-current-url' \/>\n\t\n\t\n\t<div class='ewd-ufaq-faqs'>\n\n\t\t<div  class=\"ewd-ufaq-faq-div ewd-ufaq-faq-column-count-one ewd-ufaq-faq-responsive-columns- ewd-ufaq-faq-display-style-default ewd-ufaq-can-be-toggled\" id='ewd-ufaq-post-16856-898uQjo3mR' data-post_id='16856'>\n\n\t\t\n\t<div class='ewd-ufaq-faq-title ewd-ufaq-faq-toggle'>\n\t\n\t<a class='ewd-ufaq-post-margin'  href='#' role=\"button\">\n\n\t\t<div class='ewd-ufaq-post-margin-symbol ewd-ufaq-'>\n\t\t\t<span >A<\/span>\n\t\t<\/div>\n\n\t\t<div class='ewd-ufaq-faq-title-text'>\n\n\t\t\t<h4>\n\t\t\t\tWhich regions belong to which branch of the State Office for Schools and Education?\t\t\t<\/h4>\n\n\t\t<\/div>\n\n\t\t<div class='ewd-ufaq-clear'><\/div>\n\n\t<\/a>\n\t\n<\/div>\n\t\n\t<div class='ewd-ufaq-faq-body' >\n\n\t\t\n\t\t\t\n\t\t\n\t\t\t<div class='ewd-ufaq-post-margin ewd-ufaq-faq-post'>\n\t<p><a href=\"https:\/\/lehrer-werden-in-sachsen.de\/stage\/wp-content\/uploads\/2022\/03\/smk-lasub-regionen-sachsen-2.pdf\" title=\"Regions of the State Office for Schools and Education\" target=\"_blank\" rel=\"noopener\">Download this map<\/a> (PDF in German) to see which regions belong to the individual branches of the State Office for Schools and Education (Bautzen, Chemnitz, Dresden, Leipzig, Zwickau).<\/p>\n<\/div>\n\t\t\n\t\t\t\n\t\t\n\t\t\t\n\t\t\n\t\t\t\n\t\t\n\t\t\t\n\t\t\n\t\t\t\n\t\t\n\t\t\t\n\t\t\n\t\t\t\n\t\t\n\t\t\t\n\t\t\n\t<\/div>\n\n<\/div>\n\t<\/div>\n\n\t\n<\/div>","protected":false},"excerpt":{"rendered":"<p>A Which regions belong to which branch of the State Office for Schools and Education? Download this map (PDF in German) to see which regions belong to the individual branches of the State Office for Schools and Education (Bautzen, Chemnitz, Dresden, Leipzig, Zwickau).<\/p>\n","protected":false},"author":13,"featured_media":15062,"parent":0,"menu_order":0,"comment_status":"closed","ping_status":"closed","template":"","meta":{"footnotes":""},"class_list":["post-16839","page","type-page","status-publish","has-post-thumbnail","hentry"],"yoast_head":"<!-- This site is optimized with the Yoast SEO plugin v26.8 - https:\/\/yoast.com\/product\/yoast-seo-wordpress\/ -->\n<title>LEHRERIN SACHSEN | Information for teachers from outside Germany<\/title>\n<meta name=\"description\" content=\"Have you completed your teacher training abroad? Are you interested in teaching in Saxony? Find out all about your career opportunities in Saxony here!\" \/>\n<meta name=\"robots\" content=\"index, follow, max-snippet:-1, max-image-preview:large, max-video-preview:-1\" \/>\n<link rel=\"canonical\" href=\"https:\/\/lehrer-werden-in-sachsen.de\/stage\/information-for-teachers-from-outside-germany\/\" \/>\n<meta property=\"og:locale\" content=\"de_DE\" \/>\n<meta property=\"og:type\" content=\"article\" \/>\n<meta property=\"og:title\" content=\"Lehrkr\u00e4fte aus dem Ausland in Sachsen\" \/>\n<meta property=\"og:description\" content=\"Erfahren Sie, wie Sie als Lehrer in Sachsen arbeiten k\u00f6nnen!\" \/>\n<meta property=\"og:url\" content=\"https:\/\/lehrer-werden-in-sachsen.de\/stage\/information-for-teachers-from-outside-germany\/\" \/>\n<meta property=\"og:site_name\" content=\"LEHRER IN SACHSEN\" \/>\n<meta property=\"article:modified_time\" content=\"2025-12-04T10:07:13+00:00\" \/>\n<meta property=\"og:image\" content=\"https:\/\/lehrer-werden-in-sachsen.de\/stage\/wp-content\/uploads\/2024\/05\/lehrerinsachsen_header_infos_fuer_auslaendische_bewerber.jpg\" \/>\n\t<meta property=\"og:image:width\" content=\"1920\" \/>\n\t<meta property=\"og:image:height\" content=\"1080\" \/>\n\t<meta property=\"og:image:type\" content=\"image\/jpeg\" \/>\n<meta name=\"twitter:card\" content=\"summary_large_image\" \/>\n<meta name=\"twitter:title\" content=\"Lehrkr\u00e4fte aus dem Ausland in Sachsen\" \/>\n<meta name=\"twitter:description\" content=\"Erfahren Sie, wie Sie als Lehrer in Sachsen arbeiten k\u00f6nnen!\" \/>\n<meta name=\"twitter:label1\" content=\"Gesch\u00e4tzte Lesezeit\" \/>\n\t<meta name=\"twitter:data1\" content=\"3\u00a0Minuten\" \/>\n<script type=\"application\/ld+json\" class=\"yoast-schema-graph\">{\"@context\":\"https:\/\/schema.org\",\"@graph\":[{\"@type\":\"WebPage\",\"@id\":\"https:\/\/lehrer-werden-in-sachsen.de\/stage\/information-for-teachers-from-outside-germany\/\",\"url\":\"https:\/\/lehrer-werden-in-sachsen.de\/stage\/information-for-teachers-from-outside-germany\/\",\"name\":\"LEHRERIN SACHSEN | Information for teachers from outside Germany\",\"isPartOf\":{\"@id\":\"https:\/\/lehrer-werden-in-sachsen.de\/stage\/#website\"},\"primaryImageOfPage\":{\"@id\":\"https:\/\/lehrer-werden-in-sachsen.de\/stage\/information-for-teachers-from-outside-germany\/#primaryimage\"},\"image\":{\"@id\":\"https:\/\/lehrer-werden-in-sachsen.de\/stage\/information-for-teachers-from-outside-germany\/#primaryimage\"},\"thumbnailUrl\":\"https:\/\/lehrer-werden-in-sachsen.de\/stage\/wp-content\/uploads\/2024\/05\/lehrerinsachsen_header_infos_fuer_auslaendische_bewerber.jpg\",\"datePublished\":\"2024-08-29T10:29:03+00:00\",\"dateModified\":\"2025-12-04T10:07:13+00:00\",\"description\":\"Have you completed your teacher training abroad? Are you interested in teaching in Saxony? Find out all about your career opportunities in Saxony here!\",\"breadcrumb\":{\"@id\":\"https:\/\/lehrer-werden-in-sachsen.de\/stage\/information-for-teachers-from-outside-germany\/#breadcrumb\"},\"inLanguage\":\"de\",\"potentialAction\":[{\"@type\":\"ReadAction\",\"target\":[\"https:\/\/lehrer-werden-in-sachsen.de\/stage\/information-for-teachers-from-outside-germany\/\"]}]},{\"@type\":\"ImageObject\",\"inLanguage\":\"de\",\"@id\":\"https:\/\/lehrer-werden-in-sachsen.de\/stage\/information-for-teachers-from-outside-germany\/#primaryimage\",\"url\":\"https:\/\/lehrer-werden-in-sachsen.de\/stage\/wp-content\/uploads\/2024\/05\/lehrerinsachsen_header_infos_fuer_auslaendische_bewerber.jpg\",\"contentUrl\":\"https:\/\/lehrer-werden-in-sachsen.de\/stage\/wp-content\/uploads\/2024\/05\/lehrerinsachsen_header_infos_fuer_auslaendische_bewerber.jpg\",\"width\":1920,\"height\":1080,\"caption\":\"Regal mit Sch\u00fcler-Unterlagen\"},{\"@type\":\"BreadcrumbList\",\"@id\":\"https:\/\/lehrer-werden-in-sachsen.de\/stage\/information-for-teachers-from-outside-germany\/#breadcrumb\",\"itemListElement\":[{\"@type\":\"ListItem\",\"position\":1,\"name\":\"Startseite\",\"item\":\"https:\/\/lehrer-werden-in-sachsen.de\/stage\/\"},{\"@type\":\"ListItem\",\"position\":2,\"name\":\"Information for teachers from outside Germany\"}]},{\"@type\":\"WebSite\",\"@id\":\"https:\/\/lehrer-werden-in-sachsen.de\/stage\/#website\",\"url\":\"https:\/\/lehrer-werden-in-sachsen.de\/stage\/\",\"name\":\"LEHRER IN SACHSEN\",\"description\":\"Eine Klasse f\u00fcr sich.\",\"publisher\":{\"@id\":\"https:\/\/lehrer-werden-in-sachsen.de\/stage\/#organization\"},\"potentialAction\":[{\"@type\":\"SearchAction\",\"target\":{\"@type\":\"EntryPoint\",\"urlTemplate\":\"https:\/\/lehrer-werden-in-sachsen.de\/stage\/?s={search_term_string}\"},\"query-input\":{\"@type\":\"PropertyValueSpecification\",\"valueRequired\":true,\"valueName\":\"search_term_string\"}}],\"inLanguage\":\"de\"},{\"@type\":\"Organization\",\"@id\":\"https:\/\/lehrer-werden-in-sachsen.de\/stage\/#organization\",\"name\":\"LEHRER IN SACHSEN\",\"url\":\"https:\/\/lehrer-werden-in-sachsen.de\/stage\/\",\"logo\":{\"@type\":\"ImageObject\",\"inLanguage\":\"de\",\"@id\":\"https:\/\/lehrer-werden-in-sachsen.de\/stage\/#\/schema\/logo\/image\/\",\"url\":\"https:\/\/lehrer-werden-in-sachsen.de\/stage\/wp-content\/uploads\/2022\/02\/SMK_Leherin-Sachsen-Marke_RGB_Violett-Orange.svg\",\"contentUrl\":\"https:\/\/lehrer-werden-in-sachsen.de\/stage\/wp-content\/uploads\/2022\/02\/SMK_Leherin-Sachsen-Marke_RGB_Violett-Orange.svg\",\"caption\":\"LEHRER IN SACHSEN\"},\"image\":{\"@id\":\"https:\/\/lehrer-werden-in-sachsen.de\/stage\/#\/schema\/logo\/image\/\"}}]}<\/script>\n<!-- \/ Yoast SEO plugin. -->","yoast_head_json":{"title":"LEHRERIN SACHSEN | Information for teachers from outside Germany","description":"Have you completed your teacher training abroad? Are you interested in teaching in Saxony? Find out all about your career opportunities in Saxony here!","robots":{"index":"index","follow":"follow","max-snippet":"max-snippet:-1","max-image-preview":"max-image-preview:large","max-video-preview":"max-video-preview:-1"},"canonical":"https:\/\/lehrer-werden-in-sachsen.de\/stage\/information-for-teachers-from-outside-germany\/","og_locale":"de_DE","og_type":"article","og_title":"Lehrkr\u00e4fte aus dem Ausland in Sachsen","og_description":"Erfahren Sie, wie Sie als Lehrer in Sachsen arbeiten k\u00f6nnen!","og_url":"https:\/\/lehrer-werden-in-sachsen.de\/stage\/information-for-teachers-from-outside-germany\/","og_site_name":"LEHRER IN SACHSEN","article_modified_time":"2025-12-04T10:07:13+00:00","og_image":[{"width":1920,"height":1080,"url":"https:\/\/lehrer-werden-in-sachsen.de\/stage\/wp-content\/uploads\/2024\/05\/lehrerinsachsen_header_infos_fuer_auslaendische_bewerber.jpg","type":"image\/jpeg"}],"twitter_card":"summary_large_image","twitter_title":"Lehrkr\u00e4fte aus dem Ausland in Sachsen","twitter_description":"Erfahren Sie, wie Sie als Lehrer in Sachsen arbeiten k\u00f6nnen!","twitter_misc":{"Gesch\u00e4tzte Lesezeit":"3\u00a0Minuten"},"schema":{"@context":"https:\/\/schema.org","@graph":[{"@type":"WebPage","@id":"https:\/\/lehrer-werden-in-sachsen.de\/stage\/information-for-teachers-from-outside-germany\/","url":"https:\/\/lehrer-werden-in-sachsen.de\/stage\/information-for-teachers-from-outside-germany\/","name":"LEHRERIN SACHSEN | Information for teachers from outside Germany","isPartOf":{"@id":"https:\/\/lehrer-werden-in-sachsen.de\/stage\/#website"},"primaryImageOfPage":{"@id":"https:\/\/lehrer-werden-in-sachsen.de\/stage\/information-for-teachers-from-outside-germany\/#primaryimage"},"image":{"@id":"https:\/\/lehrer-werden-in-sachsen.de\/stage\/information-for-teachers-from-outside-germany\/#primaryimage"},"thumbnailUrl":"https:\/\/lehrer-werden-in-sachsen.de\/stage\/wp-content\/uploads\/2024\/05\/lehrerinsachsen_header_infos_fuer_auslaendische_bewerber.jpg","datePublished":"2024-08-29T10:29:03+00:00","dateModified":"2025-12-04T10:07:13+00:00","description":"Have you completed your teacher training abroad? Are you interested in teaching in Saxony? Find out all about your career opportunities in Saxony here!","breadcrumb":{"@id":"https:\/\/lehrer-werden-in-sachsen.de\/stage\/information-for-teachers-from-outside-germany\/#breadcrumb"},"inLanguage":"de","potentialAction":[{"@type":"ReadAction","target":["https:\/\/lehrer-werden-in-sachsen.de\/stage\/information-for-teachers-from-outside-germany\/"]}]},{"@type":"ImageObject","inLanguage":"de","@id":"https:\/\/lehrer-werden-in-sachsen.de\/stage\/information-for-teachers-from-outside-germany\/#primaryimage","url":"https:\/\/lehrer-werden-in-sachsen.de\/stage\/wp-content\/uploads\/2024\/05\/lehrerinsachsen_header_infos_fuer_auslaendische_bewerber.jpg","contentUrl":"https:\/\/lehrer-werden-in-sachsen.de\/stage\/wp-content\/uploads\/2024\/05\/lehrerinsachsen_header_infos_fuer_auslaendische_bewerber.jpg","width":1920,"height":1080,"caption":"Regal mit Sch\u00fcler-Unterlagen"},{"@type":"BreadcrumbList","@id":"https:\/\/lehrer-werden-in-sachsen.de\/stage\/information-for-teachers-from-outside-germany\/#breadcrumb","itemListElement":[{"@type":"ListItem","position":1,"name":"Startseite","item":"https:\/\/lehrer-werden-in-sachsen.de\/stage\/"},{"@type":"ListItem","position":2,"name":"Information for teachers from outside Germany"}]},{"@type":"WebSite","@id":"https:\/\/lehrer-werden-in-sachsen.de\/stage\/#website","url":"https:\/\/lehrer-werden-in-sachsen.de\/stage\/","name":"LEHRER IN SACHSEN","description":"Eine Klasse f\u00fcr sich.","publisher":{"@id":"https:\/\/lehrer-werden-in-sachsen.de\/stage\/#organization"},"potentialAction":[{"@type":"SearchAction","target":{"@type":"EntryPoint","urlTemplate":"https:\/\/lehrer-werden-in-sachsen.de\/stage\/?s={search_term_string}"},"query-input":{"@type":"PropertyValueSpecification","valueRequired":true,"valueName":"search_term_string"}}],"inLanguage":"de"},{"@type":"Organization","@id":"https:\/\/lehrer-werden-in-sachsen.de\/stage\/#organization","name":"LEHRER IN SACHSEN","url":"https:\/\/lehrer-werden-in-sachsen.de\/stage\/","logo":{"@type":"ImageObject","inLanguage":"de","@id":"https:\/\/lehrer-werden-in-sachsen.de\/stage\/#\/schema\/logo\/image\/","url":"https:\/\/lehrer-werden-in-sachsen.de\/stage\/wp-content\/uploads\/2022\/02\/SMK_Leherin-Sachsen-Marke_RGB_Violett-Orange.svg","contentUrl":"https:\/\/lehrer-werden-in-sachsen.de\/stage\/wp-content\/uploads\/2022\/02\/SMK_Leherin-Sachsen-Marke_RGB_Violett-Orange.svg","caption":"LEHRER IN SACHSEN"},"image":{"@id":"https:\/\/lehrer-werden-in-sachsen.de\/stage\/#\/schema\/logo\/image\/"}}]}},"_links":{"self":[{"href":"https:\/\/lehrer-werden-in-sachsen.de\/stage\/wp-json\/wp\/v2\/pages\/16839","targetHints":{"allow":["GET"]}}],"collection":[{"href":"https:\/\/lehrer-werden-in-sachsen.de\/stage\/wp-json\/wp\/v2\/pages"}],"about":[{"href":"https:\/\/lehrer-werden-in-sachsen.de\/stage\/wp-json\/wp\/v2\/types\/page"}],"author":[{"embeddable":true,"href":"https:\/\/lehrer-werden-in-sachsen.de\/stage\/wp-json\/wp\/v2\/users\/13"}],"replies":[{"embeddable":true,"href":"https:\/\/lehrer-werden-in-sachsen.de\/stage\/wp-json\/wp\/v2\/comments?post=16839"}],"version-history":[{"count":97,"href":"https:\/\/lehrer-werden-in-sachsen.de\/stage\/wp-json\/wp\/v2\/pages\/16839\/revisions"}],"predecessor-version":[{"id":25219,"href":"https:\/\/lehrer-werden-in-sachsen.de\/stage\/wp-json\/wp\/v2\/pages\/16839\/revisions\/25219"}],"wp:featuredmedia":[{"embeddable":true,"href":"https:\/\/lehrer-werden-in-sachsen.de\/stage\/wp-json\/wp\/v2\/media\/15062"}],"wp:attachment":[{"href":"https:\/\/lehrer-werden-in-sachsen.de\/stage\/wp-json\/wp\/v2\/media?parent=16839"}],"curies":[{"name":"wp","href":"https:\/\/api.w.org\/{rel}","templated":true}]}}